j) = j**2 + 14. List the prime factors of k(-14).
2, 3, 5, 7
Suppose -h - 10 = -5*m + h, -5*h - 25 = -3*m. Suppose 5*l = -2*p + 152, 2*l + m*p - p = 59. What are the prime factors of l?
2, 3, 5
Let y(d) = 6*d**2 - d + 2. Let f be y(3). Let x = 82 - f. List the prime factors of x.
29
What are the prime factors of 3 + (3 - (-2 - -11)) - -114?
3, 37
Suppose 12 + 4 = 4*c. Let s be (-2)/4 - (-14)/c. Suppose 0 = -5*b + s*a + 60, 51 = 4*b - 2*a - a. What are the prime factors of b?
3
Let d = 83 + 34. What are the prime factors of d?
3, 13
Let t = -17 - 7. What are the prime factors of (t/(-20))/(1/40)?
2, 3
Suppose -2*t - t = 0. Let c(a) = -a + 10. Let s be c(t). Suppose 2*r - 2 = s. What are the prime factors of r?
2, 3
Let b(s) = 2*s - 4. Let n(r) = -7*r + 3 + 3*r**2 - 4*r**2 + 2*r**2. Let f be n(7). List the prime factors of b(f).
2
List the prime factors of (-3)/((-12)/(-8)) - -20.
2, 3
Let o(s) = -s - 7. Let b be o(0). Let w = b + 5. List the prime factors of ((-4)/8)/(w/36).
3
Suppose 0 = 2*q + f - 45, 2*q - 2*f = q + 25. What are the prime factors of q?
23
Let g = 57 - -27. List the prime factors of g.
2, 3, 7
Let j be 6/(-33) + (-62)/22. Let s(k) = -5*k + 2. Let c be s(j). Suppose -c = 4*b - 65. What are the prime factors of b?
2, 3
Let q = 29 - 47. Let x be 0/(1*(-1)/1). Let t = x - q. What are the prime factors of t?
2, 3
Let q be 3 - (-2)/((-6)/(-9)). Let v(t) = t - 4. List the prime factors of v(q).
2
Suppose -r = -4*b - 14, -8*r + 4 = -3*r + 2*b. Let c(o) = -2*o**2 + 4*o**r - o**2 + 2*o + 1. What are the prime factors of c(2)?
3
List the prime factors of 33/3 - (-5 + 1).
3, 5
Let a(u) be the first derivative of -u**4/2 - u**3 - u**2/2 - u + 1. Let p = 0 - 2. What are the prime factors of a(p)?
5
Let z(b) = -b**3 - 6*b**2 + 5*b - 1. Let l(c) = -8*c**3 + 2*c**2 - c. Let a be l(1). What are the prime factors of z(a)?
13
Let s(k) = k**3 - 4*k**2 - 3*k + 6. What are the prime factors of s(6)?
2, 3, 5
Let f(r) be the second derivative of r**3/6 - 3*r**2 + r. Let l be f(9). Suppose 0 = -l*i - 6 + 39. What are the prime factors of i?
11
Suppose 3*j - 1206 = -3*j. What are the prime factors of j?
3, 67
Let x(a) = -a**2 - 3*a + 2. Let c be x(-3). Suppose c*r + 128 = 7*r + 4*t, 4*t = -2*r + 56. What are the prime factors of r?
2, 3
Let b = -2 + 2. Suppose -5*r = -b*r - 3*p - 46, 4*p = -r. List the prime factors of r.
2
Let d(g) = -5*g + 5. What are the prime factors of d(-17)?
2, 3, 5
Let d be 2/3*3*22. Suppose 0 = 5*k + 2*l - 88, -4*l - d = -4*k + l. Suppose k = g + 3*g. List the prime factors of g.
2
Let z(c) = -5*c**3 + 2*c**2 + 3*c + 1. List the prime factors of z(-2).
43
Suppose 7*f = 5*f - 5*z + 83, -2*f + 5*z + 93 = 0. List the prime factors of f.
2, 11
Let n be (-2)/3 - 528/(-9). Suppose 1 = -3*h + n. What are the prime factors of h?
19
Suppose 2*z + 3*j - 185 = 0, -3*j + 455 = 5*z + 2*j. What are the prime factors of z?
2, 11
Suppose -3*x = 2*l + 2*l + 10, 0 = 2*l + 8. Suppose -x*g + 3 - 1 = 0. Suppose 30 + g = 3*c - 5*s, 3*s = -3*c + 39. List the prime factors of c.
2, 3
Let d(q) = q**3 - 4*q**2 + 4*q - 2. Let l be d(2). List the prime factors of 0 + l + 14*1.
2, 3
Let d = 5 + 0. Let u(c) = -c**3 + 7*c**2 - 5*c - 4. Let w be u(6). Suppose 1 - d = -w*l. List the prime factors of l.
2
Suppose 3*y = 4*r - 35, 0*r + 5*r + 4*y - 5 = 0. Suppose 0 = c - 5*x + 20, -5*c - 2*x + 10 = -r*x. Let a = c - 1. What are the prime factors of a?
2
Let r be (-64)/(-6) + 6/(-9). Suppose 2*x - 2*d - r = 0, 3*x = 2*x - 5*d - 7. Suppose 27 = x*l - 0*l. List the prime factors of l.
3
Suppose -5*t + 47 + 103 = 0. List the prime factors of t.
2, 3, 5
Suppose 4*j = -54 + 194. Suppose 16 = 3*r - j. What are the prime factors of r?
17
Let m(o) = 3*o**2 - 2*o - 1. List the prime factors of m(-2).
3, 5
Let o = -5 + 45. Suppose 2*s - o = -6. What are the prime factors of s?
17
Let r = 112 - -114. List the prime factors of r.
2, 113
What are the prime factors of (-6)/(-2)*(1 + (-170)/(-15))?
37
Suppose -53 = -d - 4*s, -2*d - 5*s + 3*s + 82 = 0. List the prime factors of d.
37
What are the prime factors of (-38)/(-95) + (-26)/(-10)?
3
Let x(o) = 2*o**3 - 3*o**2 - 8*o + 1. List the prime factors of x(6).
277
Suppose 2*n = 1 + 1. Let t be 8/(-3)*(n - 4). List the prime factors of (-1 - t)*8/(-12).
2, 3
Let r be (8/6 + 0)*-3. Let j(m) = -m**3 - 5*m**2 - 4*m + 3. Let d be j(r). Suppose 2*q - 9 - d = -2*p, -5*q + 26 = 3*p. What are the prime factors of p?
2
Let l = 3 + 14. Suppose 4*r - j + 32 = -0*r, -3*r = j + 17. Let m = r + l. List the prime factors of m.
2, 5
Let v(d) = d**3 + 2*d**2 - 3*d. Let j be v(-3). Suppose -7 = b - 5*x, j*b - 81 = -5*b - 4*x. What are the prime factors of b?
13
Suppose -2*f = -3*f - 5*x + 1, 3*f + 5*x - 13 = 0. Suppose -i + f = 2*i. List the prime factors of i.
2
Let v = 3 - 7. Let g be (-378)/(-34) + (-50)/425. Let s = v + g. List the prime factors of s.
7
What are the prime factors of 7 - (1/2)/(5/10)?
2, 3
Suppose 0 = -2*w - 2*p - 74, -79 = 2*w + 6*p - 3*p. Let u = -10 - w. List the prime factors of u.
2, 11
Let l = -9 - -11. Suppose 2 = -l*w + 3*w. List the prime factors of w.
2
Let j(p) = -2*p - 1. What are the prime factors of j(-10)?
19
Let h = 11 + -7. Suppose -n = h*n + 30. Let a(k) = k**2 + 5*k - 4. What are the prime factors of a(n)?
2
Suppose 4*z = -5*u - 5, z - u - 2 = 8. What are the prime factors of (z - 2)/(-4 + 5)?
3
Suppose 0 = -b - 2 - 0. Let d = 3 + b. Let v = d - -21. What are the prime factors of v?
2, 11
Let x(u) = u**3 - 2*u**2 - 2*u. Suppose -3 = 2*n - 3*n. Let r be x(n). Suppose r = -3*c - 0, 5*p + c = 9. What are the prime factors of p?
2
Let n(w) = 5*w - 6*w + 4*w**3 + 1 + 4*w**2 - 3*w**3 + 3. Suppose -4 = 5*r + 11. What are the prime factors of n(r)?
2
Let g = 0 + 2. Let d = 2 + g. What are the prime factors of d?
2
Let t(u) = -u**3 + 8*u**2 - 5*u - 8. Let v be t(7). List the prime factors of 3*(v - (-9)/(-3)).
3
Let a(v) = -3*v + 4 + 4*v + 5 - 15. What are the prime factors of a(9)?
3
What are the prime factors of 12/((-7)/(63/(-6)))?
2, 3
Let k(l) = 5*l**3 - 2*l**2 + 5. What are the prime factors of k(2)?
37
Let s(k) = 2*k + 2*k - 5 - 5*k. Let f(i) = i**3 - 4*i**2 - 3*i + 2. Let v be f(4). What are the prime factors of s(v)?
5
Let b = 0 + 35. List the prime factors of b.
5, 7
Let m(c) = -4*c - 1. Let s be (4 - (0 - -2))/(-2). Let t be m(s). Suppose -4*w - 4*g + 7 - t = 0, -3*w + 5 = g. What are the prime factors of w?
2
Let g = 26 + -10. Suppose 0 = -0*f - 4*f + 12. Suppose -f*n + 5*a - g = 0, -n = n - 5*a + 19. List the prime factors of n.
3
Suppose -2*d - 11 = -m, -4*m - 4 = 5*d + 4. Suppose -5*c + 5*k = 0, m*c + k - 1 - 7 = 0. What are the prime factors of c?
2
Suppose -3*a - 6*u = -2*u - 111, 4*u = 12. Suppose p + a = 4*p. What are the prime factors of p?
11
Let j(p) = p**3 - 4*p**2 + 3*p. Let o be j(4). Let m = 30 - o. What are the prime factors of m?
2, 3
Let r = -1 + 3. What are the prime factors of ((-11)/(-2))/(1/r)?
11
Suppose 0*d + 50 = 2*d. Suppose 0 = -0*u - u + d. List the prime factors of u.
5
Suppose -3*r - r + 48 = 0. Suppose r*v = 13*v - 43. What are the prime factors of v?
43
Let j be (-1 + 1)*1/2. Suppose j = 2*k - 6*k. Suppose -4 + k = 3*d - 5*c, 3*c - 2 = 2*d. What are the prime factors of d?
2
Let y = 7 + 12. What are the prime factors of y?
19
Let q be 5/(-20) + 1227/12. Let k = q - 54. What are the prime factors of k?
2, 3
Let a be 1 + -3 + 6 + -4. Suppose 3*m - 45 = -a*m. What are the prime factors of m?
3, 5
Suppose l - 3*l = -5*j + 13, 4*j = -5*l + 17. List the prime factors of (-20)/(0 - -2 - j).
2, 5
Suppose -2*h = -4*v - 7*h + 100, 40 = 2*v + 5*h. What are the prime factors of v?
2, 3, 5
Let u(m) = -m**3 - m - 80. Let x be u(0). List the prime factors of 4/6 - x/6.
2, 7
Let l = 3 - -39. Suppose -3*o + l = 3. List the prime factors of o.
13
List the prime factors of (-343)/(-14)*(-36)/(-21).
2, 3, 7
Let x(u) = u**3 + 5*u**2 + 6*u - 5. Let h(k) = k - 1. Let c(d) = -3*h(d) + x(d). Let v be c(-4). What are the prime factors of v + (0 - 1 - -3)?
2
Let w = 4 + -1. Let r(u) = -1 + w - 7*u - 5. List the prime factors of r(-2).
11
Suppose 3*s - 625 - 167 = 0. List the prime factors of s.
2, 3, 11
Suppose -37 = -3*a + 8. List the prime factors of a.
3, 5
Let q be 1/4 + (-18)/8. Suppose -10 = 